{"id":2152,"date":"2020-05-07T10:30:13","date_gmt":"2020-05-07T08:30:13","guid":{"rendered":"https:\/\/boutique.123piscines.com\/?post_type=product&#038;p=2152"},"modified":"2022-10-13T15:31:21","modified_gmt":"2022-10-13T13:31:21","slug":"thermometre-bouee-a-sonde","status":"publish","type":"product","link":"https:\/\/boutique.123piscines.com\/index.php\/produit\/thermometre-bouee-a-sonde\/","title":{"rendered":"Thermom\u00e8tre bou\u00e9e \u00e0 sonde"},"content":{"rendered":"","protected":false},"excerpt":{"rendered":"","protected":false},"featured_media":2155,"comment_status":"open","ping_status":"closed","template":"","meta":[],"_links":{"self":[{"href":"https:\/\/boutique.123piscines.com\/index.php\/wp-json\/wp\/v2\/product\/2152"}],"collection":[{"href":"https:\/\/boutique.123piscines.com\/index.php\/wp-json\/wp\/v2\/product"}],"about":[{"href":"https:\/\/boutique.123piscines.com\/index.php\/wp-json\/wp\/v2\/types\/product"}],"replies":[{"embeddable":true,"href":"https:\/\/boutique.123piscines.com\/index.php\/wp-json\/wp\/v2\/comments?post=2152"}],"version-history":[{"count":3,"href":"https:\/\/boutique.123piscines.com\/index.php\/wp-json\/wp\/v2\/product\/2152\/revisions"}],"predecessor-version":[{"id":2156,"href":"https:\/\/boutique.123piscines.com\/index.php\/wp-json\/wp\/v2\/product\/2152\/revisions\/2156"}],"wp:featuredmedia":[{"embeddable":true,"href":"https:\/\/boutique.123piscines.com\/index.php\/wp-json\/wp\/v2\/media\/2155"}],"wp:attachment":[{"href":"https:\/\/boutique.123piscines.com\/index.php\/wp-json\/wp\/v2\/media?parent=2152"}],"curies":[{"name":"wp","href":"https:\/\/api.w.org\/{rel}","templated":true}]}}